) = -k**2 + 11 + 6*k + 4*k**2 + k**2 - k**2. Is n(8) a prime number?
True
Suppose 0 = -5*m + 2*v + 797 + 2072, v + 1148 = 2*m. Is m prime?
False
Suppose 3*b + 105 = 3738. Is b prime?
False
Suppose -38 + 509 = 3*q. Is (q/3)/(1/3) a composite number?
False
Suppose -v = 5*x - 6, -6*x + 3*x - 5*v - 14 = 0. Let q(d) = d**2 + 2*d - 3. Let j be q(x). Suppose -5*w + 4*n + 783 = 0, -4*w - 269 = j*n - 879. Is w composite?
True
Suppose 5244 = 9*n - 1515. Is n a composite number?
False
Let w(f) = 7*f**2 - 9*f + 3. Let i be (3/1)/(27/45). Is w(i) prime?
False
Let l(p) = -1867*p**3 + 3*p + 3. Is l(-1) prime?
True
Suppose 0*f + 1004 = 4*f - s, -4*f + 4*s + 1004 = 0. Suppose -4*n = -3*n - 434. Let v = n - f. Is v a prime number?
False
Let a(l) = 205*l**2 - 2*l - 4. Is a(-1) a prime number?
False
Let p = 1321 - -4470. Is p prime?
True
Let u = -4 + 7. Suppose -i - 3*b - 47 = 0, u*i + i + 3*b + 215 = 0. Let n = 11 - i. Is n composite?
False
Let x = 0 + 2. Let n be 2/(-2)*x + 0. Is n/(-7) + (-1102)/(-14) a prime number?
True
Let g(j) = 7*j - 11. Let s be g(-9). Let y be s/(-1) + (-1)/1. Suppose 5*k - 343 = 3*d + 54, -k - d + y = 0. Is k a composite number?
True
Suppose 4*x = 4*g + 4, 3*x + g = -x - 1. Is (1 + -131)/(x + -2) a prime number?
False
Let d be -3*1*(-3)/(-9). Is 36 - 1 - (d - -3) a composite number?
True
Is ((-5)/(-10) - 1)/(1/(-158)) a composite number?
False
Let m be 2 - -11*(-1)/1. Let o(s) = -s**3 - 10*s**2 - 8*s + 12. Let u be o(m). Is 2*u/(-6)*-185 composite?
True
Suppose 2*o - 69 + 23 = 0. Let z(g) = g**2 + 3*g - 3. Let n be z(-4). Is (n - o)/(4/(-6)) a composite number?
True
Let j(c) = -c**2 + c - 1. Let z(g) = -2*g**2 + 2*g + 11. Let f(s) = -2*j(s) - z(s). Is f(7) a prime number?
False
Let n(b) = -b**3 + 16*b**2 - 12*b - 1. Is n(10) composite?
False
Let y be 0 - -2 - (0 - -1). Suppose -5*h = 4*x - 148, -3*h + 16 = h. Let u = x - y. Is u a composite number?
False
Let c(o) = 68*o + 5. Is c(3) prime?
False
Is ((-3014)/3)/(28/(-42)) prime?
False
Let k(n) = n**2 + 9*n + 15. Let o be k(-6). Is (-194)/o*(-6)/(-4) prime?
True
Suppose 0 = u + u - 8. Suppose -u*i + 25 + 15 = 0. Is i composite?
True
Is (-30)/4*(-8)/10 a prime number?
False
Let b(r) = -r + 113. Let n = 2 - 2. Is b(n) composite?
False
Let r(p) be the third derivative of p**5/60 - p**4/24 + 51*p**3 - 4*p**2. Let s be r(0). Suppose 4*b = -70 + s. Is b composite?
False
Let h = -5985 + 8616. Is h a prime number?
False
Let t = 472 - 309. Is t a prime number?
True
Suppose 0 = -0*p + 4*p - 452. Is p a composite number?
False
Let a be -1300 + 0 + -2 - 0. Let d = -546 - a. Is 6/(-10) - d/(-35) a composite number?
True
Let b = -6 + 913. Is b a composite number?
False
Let r = 2295 + 238. Is r a composite number?
True
Suppose 7 = 3*h - 8. Suppose 7*p = 2*p + h. Let r(s) = 38*s**2 + 1. Is r(p) prime?
False
Suppose 2652 = -5*o + 21137. Is o prime?
True
Suppose 0 = -3*t + 4*t. Suppose 4*n = 3*k + 973, 0*n - 3*n + k + 736 = t. Is n composite?
True
Suppose 7*u = 12*u - 3800. Is 2/6 + u/6 a composite number?
False
Suppose -s = -4, 3*h + 24 = -s + 4*s. Let w = h + 3. Let k = 12 + w. Is k a prime number?
True
Let k = 5 + -3. Suppose -308 = -2*i - k*i. Is i a prime number?
False
Suppose -2*y + y + 5*h + 171 = 0, -h = 5*y - 725. Suppose y = 3*x - 409. Is x a composite number?
True
Let d(t) = 0*t - 46*t**3 - 1 + t + 3 - 1. Is d(-1) a composite number?
True
Let a = -30 + 31. Let d(m) = 235*m. Is d(a) a prime number?
False
Let o(d) = 86*d**2 + 4. Let s be o(3). Let m = -405 + s. Is m composite?
False
Let n(y) = -y**3 + y**2 + 1211. Is n(0) prime?
False
Is 2014 + 8/4 + 5 a prime number?
False
Suppose 5*p + 69 = o, -2*o + 3*p - 4*p = -160. Is o composite?
False
Let x(m) = -30*m. Let t be x(-1). Is (-85)/(-2)*36/t a composite number?
True
Suppose -494 = -n + 60. Is n a composite number?
True
Is (4 - -10)/((-6)/(-33)) composite?
True
Suppose -3*f + 16 = -4*c + f, -c - 2*f = -8. Let g = 0 + c. Suppose k + 4*q = 27, -2*q - 1 + 3 = g. Is k a prime number?
True
Is 3204/8 - 2/(-4) a composite number?
False
Let t = 66 - -1901. Is t a composite number?
True
Let b(p) = -1242*p**3 - 2*p - 1. Is b(-1) composite?
True
Let g be 24/30*55/2. Suppose -d + g = -3*r, -r = -3*d + 71 + 35. Is d a prime number?
True
Let w = 328 - -561. Is w prime?
False
Let x = 348 - 230. Is x prime?
False
Let g(b) = b. Let z(t) = -4*t - 1. Let q(r) = 4*g(r) - z(r). Suppose -3*h - 20 = -m - 5, -3*m = -3*h - 21. Is q(m) a prime number?
False
Let b(w) = w**2 - 6*w + 6. Let k be b(4). Let m = k - -4. Is 2/((-36)/21 + m) composite?
False
Let x(i) = 3*i**3 + 2*i**2 - i. Let a be x(1). Suppose -4*v + 5*p + 22 = 0, a*v = -5*p + 3 - 1. Suppose -51 = -v*y + 2*y. Is y a prime number?
False
Let b = 38 + -96. Let w = -33 - b. Suppose 0 = -z + 22 + w. Is z prime?
True
Let v = 160 - -177. Is v a composite number?
False
Let a be (-2)/(-6)*-7*-3. Suppose -s + a + 38 = 0. Is 10/s + (-295)/(-9) a prime number?
False
Suppose 0*s + 8*s = 40312. Is s a composite number?
False
Let u(m) = -5*m. Suppose 2*h = -0*h. Suppose -4*y - 30 = -n, h = -0*y + 5*y - 5*n + 45. Is u(y) prime?
False
Suppose 5*y + 6716 = 4*m - 2*m, 4*m = -2*y + 13408. Is m composite?
True
Let h(p) = -4*p**3 - 6*p**2 + p - 7. Is h(-6) composite?
True
Let l be -2*1/2 - 2. Let c(v) = -5 + 8*v**2 + 3*v - 1 + 2. Is c(l) prime?
True
Suppose -3*r + 18 = -5*v, -v - 5*r - 1 + 3 = 0. Is 2 - (v - (2 - -44)) prime?
False
Let j be (-52)/(-2) - (0 + -2). Suppose -4*x - i + 493 = 4*i, 4*i = -3*x + 371. Suppose x = q + j. Is q a prime number?
True
Suppose -f = -0*f - 3*l - 1684, 5076 = 3*f - l. Is f a prime number?
True
Let m = -200 - -422. Suppose -m = -4*g + 5*r, 0 = -5*g - 0*g - 4*r + 257. Is g composite?
False
Let l(o) = 3*o**3 - 8*o**2 + 10*o - 11. Is l(6) prime?
True
Let j be (-77)/(-5) + 8/(-20). Let h be (j/4)/(2/40). Suppose -198 = -3*i + 3*n - h, -i + 45 = -3*n. Is i a prime number?
False
Let c = 2 - -3. Suppose -5*j + c = -2*v, 0*j - 22 = 5*v - 3*j. Let w(s) = 3*s**2 - 3*s - 1. Is w(v) a prime number?
True
Suppose 0*n + 2*n = 10. Suppose 94 = n*r - 61. Is r prime?
True
Let u = -22 + 36. Let f = 28 - u. Is f a composite number?
True
Suppose i - 2 - 1 = 0. Suppose -j = -0*j - s + 8, i*j - 2*s + 22 = 0. Is ((-130)/4)/(3/j) a prime number?
False
Let o(r) = r**2 + 10*r + 8. Let z be o(-9). Let f be ((-1)/(-2))/z*-6. Suppose i - 25 = f*v, -3*i + 65 = -2*v + 4. Is i prime?
True
Let b = -8207 + 14506. Is b composite?
False
Let u(d) = -81*d + 17. Is u(-6) a prime number?
True
Let n = -8 + 20. Let z be n/5 + 2/(-5). Suppose z*d + 5 = 79. Is d a prime number?
True
Suppose u + 4149 = 3*q, 6*u = 2*q + 2*u - 2766. Is q prime?
False
Let z be (0 - -1) + 1920/(-15). Let g = z - -288. Is g composite?
True
Suppose 5*s + 0*s - 2*x + 54 = 0, -s + 3*x - 3 = 0. Let a = 31 + s. Is a a prime number?
True
Let j(v) = -3*v - 1 + 6 + 0*v + 8*v**2 - 4. Is j(-6) composite?
False
Let s = -61 + 92. Is s a prime number?
True
Let d = 23 + -7. Suppose -12*z - 1828 = -d*z. Is z composite?
False
Let c(b) be the first derivative of 5*b**3/3 - b**2 - 7*b - 2. Let d = 13 + -7. Is c(d) prime?
False
Is 2 - 2 - (-3 + -100) a prime number?
True
Let d(v) be the third derivative of -v**5/60 - v**4/24 + v**3/6 + 2*v**2. Let n be d(2). Let h = 28 + n. Is h composite?
False
Suppose 0*h + h - 23916 = -5*b, -4*h = 2*b - 9570. Is b a composite number?
False
Let w = -62 + 129. Is w prime?
True
Suppose -3*m + 26 = y - 107, -5*y - 3*m = -701. Suppose -4*u + y = -q + 2*q, -5*q + 80 = 2*u. Is u a prime number?
False
Let p = -3 + -5. Is (-397)/(-5) - p/(-20) a composite number?
False
Suppose -2*g + 8 = -g. Let f = g - 10. Is -20*2/f + -1 a prime number?
True
Let o be (269/4)/(2/8). Let h = -102 + o. Is h a composite number?
False
Let w = 2801 - 522. Is w a prime number?
False
Let b(l) = -494*l - 25. Is b(-7) a prime number?
True
Suppose 4*o - 7 = 5. Suppose o*k = 32 + 31. Is k a composite number?
True
Suppose 4*q = 2*q - 742. Let s = -226 - q. Is s a composite number?
True
Let m(t) be the first derivative of t**3/3 - 7*t**2/2 - 2*t + 1. Is m(8) composite?
True
Suppose -s - 2*u + 7*u - 21 = 0, 2*s + 2 = 2*u. Suppose -f - s*i - 755 = -4*f, 5*i = -3*f + 764. Is f prime?
False
Suppose r - 677 = -5*p + 442, 3*r = -2*p + 458. Is p composite?
False
Suppose -11*j = -5*j - 74